 units digit of j(6)?
9
Let k(j) = -10*j + 6. Let m(i) = -8*i**3 + i**2 + i - 1. Let q be m(1). What is the units digit of k(q)?
6
Let r = 44 + -28. Suppose q = 4*b + 61, -3*q = 4*b - 263 + r. What is the tens digit of q?
7
Suppose 4*a + 20 - 316 = 0. Let m = -10 + a. What is the units digit of m?
4
Suppose g = -a - 1, -4*g + 41 = a - 6*a. Suppose 4*h - g*k + 26 = 102, -2*h - 5*k = -17. Suppose -112 - h = -4*j. What is the units digit of j?
2
Suppose 2*z = 3*k - 1295, 5*z + 1765 = 4*k + 50. What is the tens digit of k?
3
Suppose 3*h = -d + 6*d - 19, -h = 2*d - 12. What is the tens digit of ((-22)/8)/(h*(-3)/72)?
3
Let y = -95 + 75. Suppose 0 = -2*i + 4*j - 26, -3*i = 4*j - 11 - 0. Let v = i - y. What is the tens digit of v?
1
Let x(z) = -z**3 - 19*z**2 + 19. Let c be x(-19). Suppose c*f - 24*f = 75. What is the tens digit of f/(22/6 - 4)?
4
Suppose 3*q - 4*d - 89 = d, 4*q - 5*d - 122 = 0. Let c be -2*(-1 + (-3)/1). Let g = q - c. What is the tens digit of g?
2
Let g = 40 - 31. What is the units digit of -45*(-2 + 15/g)?
5
Let z(c) = 7*c**2 + c + 3. Let o be z(-2). Suppose -7 = 2*d + o. Let k = d + 33. What is the units digit of k?
5
Suppose 8*n - 4089 = -953. What is the hundreds digit of n?
3
Let c be ((-2)/(-6))/((-6)/54). What is the units digit of (84/18)/((-1)/c)?
4
Let o(d) = -2*d**2 - 12*d - 1. Let t be o(-6). Let p be 3 + (0/t)/2. What is the units digit of 4/(-12) + 88/p?
9
Let x(l) = -164*l**3 + 3*l**2 - l + 2. Let i be x(2). What is the tens digit of (4/(-5))/(10/i)?
0
Let p = 54 + -51. Suppose -3*c = 3*t - 5*t - 311, c = -p*t + 111. What is the tens digit of c?
0
Let v be -2*(2/7 + (-150)/84). Suppose 0*r + 84 = v*r. What is the units digit of r?
8
Let m = -165 + 494. What is the hundreds digit of m?
3
Let m(h) = -2*h**2 - 13*h - 6. Suppose 6*s + 36 = 2*s. Let l be m(s). Let z = l - -90. What is the units digit of z?
9
Let t = -8 + 409. What is the tens digit of t?
0
Let s(p) = p**3 + 15*p**2 + 39*p + 45. What is the units digit of s(-10)?
5
Let z(o) = 3*o**2 - 25*o. Suppose -4*f + 33 = -f. Let s be z(f). Let g = -22 + s. What is the tens digit of g?
6
Suppose -v = 9*x - 4*x - 744, 0 = -5*v - 4*x + 3720. What is the units digit of v?
4
Let y(x) = -x**2 - 10*x + 8. Let i be y(-9). Let a be (-38)/(-14) - 2/(-7). Let p = i - a. What is the tens digit of p?
1
What is the hundreds digit of 5 + -3964*(4 + 9/(-2))?
9
Let r = 1184 + 1795. What is the hundreds digit of r?
9
Let d(x) = 44*x**2 - 3*x + 1. Let y be d(2). Suppose y = -j + 2*j. What is the tens digit of 686/9 + (-38)/j?
7
What is the hundreds digit of ((-25)/20)/((-5)/640)?
1
Let y = -42 + 42. Suppose 2*o - 204 = -4*c - 2*o, y = 4*o + 12. What is the tens digit of c?
5
Let u be -12*(-1 + (-1)/(-3)). Let n be 6/(2 + 12/(-7)). Let c = n - u. What is the tens digit of c?
1
Suppose 4*s - 1916 = 5*u, -2*s - 5*u = -7*s + 2390. What is the tens digit of (s/(-2))/(-3)*1?
7
Suppose 24 = 11*m - 3*m. Suppose -636 = -m*q - 174. What is the tens digit of q?
5
Let j be (-20)/(-6)*(-3)/1. Let t be 0*(j/(-4) + -3). Suppose -3*u + 4*l - 3*l + 41 = t, -8 = 4*l. What is the units digit of u?
3
Let g(q) = 5*q + 0*q - q**3 + 10 - 7 - 4*q**2. Let y be g(-5). Suppose -y*b - s + 69 = 0, -3*s + 90 = 4*b - s. What is the units digit of b?
4
Let g = 502 - -257. What is the hundreds digit of g?
7
Suppose -36 - 16 = -4*t. Let m = 21 - t. Let y(a) = a**3 - 7*a**2 - 7*a + 4. What is the tens digit of y(m)?
1
What is the units digit of (8 - 12)*120477/(-84)?
7
Let p(j) = 4*j + 5. Let v be p(4). Let w be 3/v - 1/7. Suppose w = -4*a + 5*h + 89, 2*h + 29 - 3 = a. What is the units digit of a?
6
Suppose 4*n - 21 + 1 = 0. Suppose 3*m - 259 = n*b + 75, -m + 5*b + 108 = 0. What is the units digit of m?
3
Let i = -36 - -55. Suppose i = 2*x - 11. What is the units digit of ((-25)/x)/(2/(-18))?
5
Let y(w) = 2*w**2 + 5*w - 5. Let x be y(-5). Let q = -19 + x. What is the units digit of q?
1
Suppose -38 = 5*h + a, 5*h + 32 = -a - 3*a. Let o = h - -11. Suppose -16 = -4*r + o*r. What is the units digit of r?
6
Suppose 4*r + 3*h = 53, -4*h - 52 - 22 = -5*r. What is the tens digit of (7 - 70/20)*872/r?
1
Let s be 4/14 + 48/(-21). Let b(i) = 4*i + 4. Let g be b(s). What is the tens digit of ((-88)/1)/(8/g)?
4
Let w(r) = -9*r + 2. Let k be w(-2). Suppose -5*s = -5*l - 45, -10 = -s - 3*l + 5*l. What is the units digit of (k/s)/(1/10)?
5
Let a be 7 - 3 - (-192)/4*-1. Let r = 165 + a. What is the units digit of r?
1
Let h(o) = -150*o - 441. What is the tens digit of h(-21)?
0
Let q(i) = -i + 11. Let d be q(11). Suppose p - 83 + 0 = d. What is the tens digit of p?
8
Suppose -z + 4 = 0, -a + z - 4 = -3*a. Suppose 2*t = 5*c - 31, 5*c + 3*t - 16 = -a*t. What is the tens digit of (c - -1)*(-12 + 21)?
5
Let i(d) = -d**3 + 4*d**2 + 3*d + 16. Let v be i(5). Suppose 2*f - 189 = -t, -9*f = -v*f + 5*t - 287. What is the units digit of f?
4
Let t = 15 - 15. Suppose 3*p - 7*p + 120 = t. Suppose 0 = 4*f - 98 - p. What is the units digit of f?
2
Let o(k) = k**2 + k - 2. Let q be o(-3). Let g(p) = 10*p**2 - 2*p - 29. Let a(h) = h**2 - 4. Let x(j) = -5*a(j) + g(j). What is the units digit of x(q)?
3
What is the tens digit of (20/15)/((-146)/(-144) + -1)?
9
Let h be 4/(-14) - (-16)/7. Suppose m - 3*o = 108, 3*m - h*o - 316 + 27 = 0. Suppose -4*d + 148 = 2*z, 4*d + 4*z - m = 63. What is the units digit of d?
5
Let m be ((-2)/(-7))/((-4)/(-28)). Let k = m - 0. Suppose 34 = k*w - 22. What is the units digit of w?
8
Let t = 58 - -30. Suppose 0*a - 4*q - 104 = -2*a, -12 = 3*q. Let w = t - a. What is the tens digit of w?
4
Let d be 6 + -4 + -2 - (0 + 0). What is the tens digit of (5 + d)/5*(-12)/(-1)?
1
Let c be 4 - 1/(1/4). Let p(y) = -3*y + 57. What is the tens digit of p(c)?
5
Let r(d) = -2*d - 10. Let c = -35 - -25. What is the units digit of r(c)?
0
Let z = -511 - -887. What is the hundreds digit of z?
3
Let w(o) = -o**3 + 3*o**2 + 2*o + 3. Let k be w(7). Let m = -72 - k. What is the tens digit of m?
0
Let l be 25*246/24 - (-2)/(-8). Let n = l + -160. What is the tens digit of n?
9
Let v(a) = 7*a**2 - 10*a + 27. Let s be v(6). Suppose -2*o + 61 = -s. What is the tens digit of o?
4
Let k be 1*-1*(-12)/(-4)*-1. What is the units digit of 678/k*(-3)/(-6)?
3
Suppose 2358 = 2*j + 7*j. Suppose -3*a - 129 = -2*c, 4*c - 4*a + 2*a = j. What is the units digit of c?
6
Let a = -91 - 47. Let o = 206 + a. What is the tens digit of o?
6
Let a(q) = 8*q + 159. What is the units digit of a(0)?
9
Suppose -8 = 4*w - 52. Suppose 0*m - 3*d - 61 = -4*m, 2*d = 5*m - 71. Suppose w = 2*j - x - 8, 4*x = j - m. What is the units digit of j?
9
Let l(i) = -i**3 - 4*i**2 - 2*i + 4. Let r be l(-3). Let f = r - 0. What is the tens digit of (f + (-34)/8)*-8?
2
Suppose 0 = 5*i - 15, -4*f + 3*i - 5*i - 6 = 0. What is the units digit of (f/(-3))/((-3)/6) - -139?
7
Let r = 1342 + -893. What is the tens digit of r?
4
Let w = -31 + -3. Let z = -24 - w. Suppose z*n - 180 = 6*n. What is the units digit of n?
5
Suppose 2*v - 4*v = -220. Suppose -v = -4*s + 54. What is the tens digit of s?
4
Let f = -111 + 186. What is the units digit of f?
5
Suppose -4*a = -3*w + 63, 2*w = 4*a + 5*w + 81. Let o = 10 - a. What is the tens digit of o?
2
Suppose -2*v + 5*v = 12. Suppose v*y = -6*i + i + 14, 3*i = -4*y + 10. Suppose -h + 42 = i*h + s, h = s + 10. What is the units digit of h?
3
What is the tens digit of 1392/1 - (-165 + 154)?
0
Let p be 132/14 - 3/7. Suppose d - 40 = -5*q - p, 8 = 4*q. What is the units digit of (-32)/(-3) + (-14)/d?
0
Suppose 3*u - 1110 = -4*a, 3*u = a + 1302 - 177. What is the tens digit of u?
7
Let m(a) = -2*a + 6. Let x be m(5). What is the units digit of 4/(3/((-186)/x))?
2
What is the tens digit of (3/(-12))/((-6)/9864)?
1
What is the units digit of 1741 + 21 + (-3 - 0) - 5?
4
What is the tens digit of (-40717)/(-19) - (0 - (-4)/1)?
3
Let w = 16 - -14. Suppose 168 = 3*q - 4*v, -5*v = -q + 15 + w. What is the units digit of q?
0
Let z(c) = c - 14. Let o be z(14). Suppose 4*y - 5*d - 445 = -o*d, -4*y - d = -439. What is the hundreds digit of y?
1
Let o = 1986 + 1971. What is the hundreds digit of o?
9
Let u(b) = -b**3 - 13*b**2 - 13*b - 5. Let d be u(-12). Suppose 45 = -d*i + 2*i. Let r(w) = w**2 + 7*w + 2. What is the units digit of r(i)?
0
Let k(j) = -j**3 + 13*j**2 -